 Let w(k) = y*b(k) + 5*p(k). List the prime factors of w(-8).
2, 3
Let k(x) = -x**3 - 3*x**2 + 6*x + 8. Let o be k(-4). Suppose o = -42*c + 46*c - 1076. List the prime factors of c.
269
Let c(m) = -m**3 - 14*m**2 + m + 34. Let i be c(-14). List the prime factors of i/150 + (-2803)/(-15).
11, 17
Suppose 0*x - 9*x + 900 = 0. Suppose 0 = 4*i - 0*m + 2*m - x, 0 = 2*i - 2*m - 50. What are the prime factors of i?
5
Suppose 3*v - 14 = u + 1, 2*u + 12 = 3*v. Suppose 7*s - 152 = v*s. What are the prime factors of s?
2, 19
Let u(g) = 13*g**2 + 27*g - 52. List the prime factors of u(16).
2, 3, 103
Let l be (-6)/(-3) - (5 - 4). Let w = 0 - l. List the prime factors of w/(-5) + (-448)/(-10).
3, 5
Suppose 7*k - 274 = 335. Let q = k - -142. List the prime factors of q.
229
Suppose -3*g + 2*g + 97 = 3*q, 4*q + 2*g - 132 = 0. What are the prime factors of q?
31
Let h be (-2)/(-9) - 885/(-27). Let n = 47 - h. What are the prime factors of n?
2, 7
Let g(l) be the second derivative of l**5/20 + l**4/4 - 8*l**3/3 + 9*l**2/2 - 6*l. What are the prime factors of g(-5)?
3, 13
Let w be (((-2)/3)/(8/(-1356)))/1. Suppose 3*p = -u + 8*p + 127, -2*p = u - w. What are the prime factors of u?
3, 13
Suppose 2*u + 9 = -1, -5*u - 2980 = -5*j. What are the prime factors of j?
3, 197
Let k(f) = 32*f**2 - 11*f + 15. Let r be k(-7). Suppose 13*n = 3*n + r. What are the prime factors of n?
2, 83
Let l = 2644 + -1790. What are the prime factors of l?
2, 7, 61
Let p = -33 + 6. Let q = p + 77. List the prime factors of q.
2, 5
Let m = -1490 + 6111. List the prime factors of m.
4621
Let l be 77 + -1 + (-7 - -4) + 2. Suppose 5*w - 70 = l. What are the prime factors of w?
29
Let a(y) = -4*y - 1. Let k be a(-4). Suppose 2*d + 2*w - k = w, -d + 25 = 4*w. Suppose 0*p - 2*p = 4*j - 60, d*p - 162 = -4*j. What are the prime factors of p?
2, 17
Let v(q) = 4*q - 1. Let r(c) = 23*c - 5. Let z(g) = -6*r(g) + 34*v(g). Let p be z(0). List the prime factors of ((-420)/18)/(p/6).
5, 7
Let f = 770 - 240. What are the prime factors of f?
2, 5, 53
Let u = 175 - 334. Let z = -72 - u. What are the prime factors of z?
3, 29
Let v = -193 + 187. Let s(o) = -o**3 - 3*o**2 - 6*o + 1. Let w(j) = -j**2 - 1. Let n(a) = s(a) + 3*w(a). What are the prime factors of n(v)?
2, 17
Suppose -3*w - 1695 = 5*i - 6095, -1791 = -2*i + 5*w. List the prime factors of i.
883
Suppose r - 5*b = 310, -2*b - 316 = 26*r - 27*r. List the prime factors of r.
2, 5
What are the prime factors of 0 - (-1 + 2)*-1417?
13, 109
Let f(c) = -22*c**2 - c + 3. Let l be f(-3). Let u = -16 - l. Suppose 4*a - u = -32. List the prime factors of a.
2, 3
Let k(p) = -p**3 - p**2 + 9. Let o be k(0). Suppose 2*r - 24 + 68 = 0. What are the prime factors of (-3)/o - r/3?
7
Let q(k) be the third derivative of -k**4/3 + k**2. What are the prime factors of q(-12)?
2, 3
Suppose 5*b + 653 - 5079 = -3*v, -3*v - b = -4430. List the prime factors of v.
7, 211
Let v(r) = 37*r - 71. What are the prime factors of v(15)?
2, 11
Let n(v) = 3*v**2 + 2*v - 1. Let b = -16 + 14. Let g be n(b). Let k = 29 + g. What are the prime factors of k?
2, 3
Let o(c) = 2*c**2 - 4*c + 30. Let a = -77 - -83. List the prime factors of o(a).
2, 3, 13
Let m be (12/9)/((-4)/(-24)). Suppose 2*c = -4*t + m*t + 40, 0 = 2*c - 2*t - 34. List the prime factors of c.
2, 7
Let x be (14 + -1)/1 + 1. Let p(j) = j**3 - 5 - 29 + 16 - 11*j + 3*j**2 - 16*j**2. List the prime factors of p(x).
2, 3
Suppose -6*o - 411 + 1389 = 0. What are the prime factors of o?
163
Let a = 9 - 7. Let f(z) = -1 - 7*z**3 - 39*z**3 + 0 + z**a - z. What are the prime factors of f(-1)?
47
Let j(a) be the third derivative of -a**6/120 + a**4/12 + 23*a**3/3 + 9*a**2. List the prime factors of j(0).
2, 23
Suppose -c - z = -6*z + 13, 0 = z - 3. Suppose 0 = -4*k - c*x + 650, 7*k - 2*k = -x + 820. List the prime factors of k.
3, 5, 11
Suppose l + 4*v - 178 = 0, 0 = -2*l + 2*v + 386 - 60. List the prime factors of l.
2, 83
Let s(z) = 2*z**2 - z + 1. Let u be s(1). Suppose 3*h = -2*x - u*h - 56, -5*x = -2*h + 169. Let r = 52 + x. List the prime factors of r.
19
Let b be -4 + 24/(-3)*-12. Suppose 5*j = -2*h + b, -4*j + 55 = h + 9. Suppose q = f - h, 52 + 87 = 3*f - 4*q. List the prime factors of f.
3, 5
Let y be 4 - -17 - 1*3. Let u be (-78)/(-27) + 2/y. What are the prime factors of (61 + 8)*u/3?
3, 23
Let t = 540 - -157. List the prime factors of t.
17, 41
Suppose 2958 = c + 1006. List the prime factors of c.
2, 61
Suppose 4*o = -4*u + 232, -2*o = 7*u - 4*u - 170. Suppose -52*a = -u*a + 230. List the prime factors of a.
5, 23
Suppose 3*r + 30 = -237. Let b = r - -125. What are the prime factors of b?
2, 3
Suppose 8*j - 230 - 130 = 0. Let p = -37 + j. What are the prime factors of p?
2
Let j be (28/(-8))/(2/(-12)). Let c = 24 - j. Suppose 4*h - 144 = 4*z, h - c*z + 4*z = 26. What are the prime factors of h?
31
Let f(i) be the second derivative of -21*i**5/20 + i**4/12 - i**3/6 - i**2 - 18*i. List the prime factors of f(-1).
3, 7
Suppose -5*h + 18 = -4*w, -4*w = -0 + 8. What are the prime factors of (1/(-2))/(h/480*-1)?
2, 3, 5
Suppose -o = -3*c + 632, 1040 = 5*c + 3*o + 2*o. Let w = c + -104. What are the prime factors of w?
2, 53
Suppose -4*o - 7*o + 1848 = 0. Suppose -8*q = -56 - o. What are the prime factors of q?
2, 7
Suppose 0 = -3*r - 5*n - 110 + 577, 3*r = -3*n + 465. What are the prime factors of r?
2, 7, 11
Let r(u) = -u**2 - 58*u + 2882. What are the prime factors of r(0)?
2, 11, 131
Suppose 2*w - 5 = c + 3, 3*w + 2*c = 19. Suppose w*s - r - 40 + 2 = 0, 23 = 2*s - 3*r. List the prime factors of 250/14 - (-1)/s.
2, 3
Let u(x) = 4*x**2 + 2*x. Suppose -m + 3*m + 8 = 0. What are the prime factors of u(m)?
2, 7
Let v(q) = q**2 - 6*q + 13. Let r be v(9). Let w = -61 + r. Let x = w + 41. List the prime factors of x.
2, 5
Let z(i) = -i**3 - 4*i**2 - 4*i - 8. Let r be z(-4). Suppose 0 = -r*v + 897 - 353. List the prime factors of v.
2, 17
Let t = 4901 - 2161. List the prime factors of t.
2, 5, 137
Suppose -2*l - 2*d = -2, -3*l - 4*d + 5 + 2 = 0. Let r be ((-6)/9 + 0)*l. Suppose 0 = 3*o - 5*o + 3*j + 45, r*j + 55 = 3*o. List the prime factors of o.
3, 5
Suppose 8*d + 5*y - 11888 = 1731, 3*y = -d + 1700. List the prime factors of d.
13, 131
Suppose 0 = 3*n - 96 - 549. List the prime factors of n.
5, 43
Suppose 3*v - 36 = -n, -3*v + n = 3*n - 33. Let w = v - 99. Let j = w - -153. What are the prime factors of j?
67
Let g = -10 - -10. Suppose r = 5*x + 13 - 33, -2*r = g. Let b = 14 - x. List the prime factors of b.
2, 5
Suppose -3*q + 792 = 3*r, 4*q - 3*r + 192 = 1269. Let w = q - 27. List the prime factors of w.
2, 3, 5
Suppose -99 - 117 = 9*g. List the prime factors of (1/((-2)/624))/(36/g).
2, 13
Suppose 0 = -8*p + 2 + 54. Suppose -5*x + 260 = 4*u, 5*u + 5*x + 100 = p*u. What are the prime factors of u?
2, 3, 5
Let o = 15 + -13. Suppose -o*g = x + 4*x - 458, 3*g - 12 = 0. List the prime factors of x.
2, 3, 5
Let o(s) = -16*s + 11. Let j be o(-4). List the prime factors of ((-5)/j*9)/(2/(-1030)).
3, 103
Let j be ((-44)/55)/((-2)/10). Let o(n) = n**2 - 6*n + 2. Let p be o(j). Let d(b) = b**3 + 6*b**2 - 8*b + 1. What are the prime factors of d(p)?
7
Suppose -2*n = -0*t + t - 17, 2*n = -2*t + 20. Suppose 37 = -p + n. Let q = 66 + p. List the prime factors of q.
2, 3
Suppose 0*l - 3*r - 7920 = -3*l, 5*l - r = 13188. List the prime factors of l.
3, 293
Let a = 360 + -217. List the prime factors of a.
11, 13
Let t = -222 + 329. What are the prime factors of t?
107
Let c(o) = 1451*o - 7. List the prime factors of c(1).
2, 19
Let l(z) = z**2 - 20*z - 4. Let g be l(19). Let t = g + 25. Suppose a = t, 0*a - 70 = -4*d + a. What are the prime factors of d?
2, 3
Let h = -41 - -95. Suppose -4*b = -3*w - 101, 4*b = w + 151 - 40. Let m = h + b. What are the prime factors of m?
83
Suppose -18 = 2*k + 4*b - 0*b, -63 = 3*k - 3*b. Let j(w) = w**3 + 16*w**2 - 20*w - 17. What are the prime factors of j(k)?
2, 17
Let k = 47 + -44. Suppose 0 = o - 5*t - 134, -o - 254 = -k*o + 3*t. List the prime factors of o.
2, 31
Let z(w) = w**3 + 9*w**2 + 8*w - 2. Suppose -2*p + 0*h + 3*h - 10 = 0, p = 2*h - 4. Let u be z(p). What are the prime factors of (-38)/(-5) + u/(-5)?
2
Suppose 0 = z + 6*m - 10*m - 1939, -3*z - 4*m = -5849. What are the prime factors of z?
3, 11,